{"id":184,"date":"2020-08-06T11:29:53","date_gmt":"2020-08-06T09:29:53","guid":{"rendered":"https:\/\/jeanikee.se\/?page_id=184"},"modified":"2020-09-17T06:54:45","modified_gmt":"2020-09-17T04:54:45","slug":"veckomenyer","status":"publish","type":"page","link":"https:\/\/jeanikee.se\/?page_id=184","title":{"rendered":"Veckomenyer"},"content":{"rendered":"\r\n<p>H\u00e4r \u00e4r planen att jag ska l\u00e4gga in kommande menyer f\u00f6r veckan. Sen f\u00e5r vi se hur ofta jag hinner uppdatera d\u00e5 livet ofta kommer emellan.<\/p>\r\n\r\n\r\n\r\n<p><a href=\"https:\/\/jeanikee.se\/?p=196\" target=\"_blank\" rel=\"noreferrer noopener\">Vecka 33<\/a><\/p>\r\n<p><a href=\"https:\/\/jeanikee.se\/?p=270\">Vecka 37<\/a><\/p>\r\n\r\n\r\n\r\n<p><a href=\"https:\/\/jeanikee.se\/?p=270\">Veckka 38<\/a><\/p>\r\n<p>&nbsp;<\/p>\r\n","protected":false},"excerpt":{"rendered":"<p>H\u00e4r \u00e4r planen att jag ska l\u00e4gga in kommande menyer f\u00f6r veckan. Sen f\u00e5r vi se hur ofta jag hinner uppdatera d\u00e5 livet ofta kommer emellan. Vecka 33 Vecka 37 <a class=\"more-link\" href=\"https:\/\/jeanikee.se\/?page_id=184\">[ . . . ]<\/a><\/p>\n","protected":false},"author":1,"featured_media":0,"parent":0,"menu_order":0,"comment_status":"closed","ping_status":"closed","template":"","meta":{"spay_email":""},"yoast_head":"<!-- This site is optimized with the Yoast SEO plugin v15.9.2 - https:\/\/yoast.com\/wordpress\/plugins\/seo\/ -->\n<title>Veckomenyer -<\/title>\n<meta name=\"robots\" content=\"index, follow, max-snippet:-1, max-image-preview:large, max-video-preview:-1\" \/>\n<link rel=\"canonical\" href=\"https:\/\/jeanikee.se\/?page_id=184\" \/>\n<meta property=\"og:locale\" content=\"sv_SE\" \/>\n<meta property=\"og:type\" content=\"article\" \/>\n<meta property=\"og:title\" content=\"Veckomenyer -\" \/>\n<meta property=\"og:description\" content=\"H\u00e4r \u00e4r planen att jag ska l\u00e4gga in kommande menyer f\u00f6r veckan. Sen f\u00e5r vi se hur ofta jag hinner uppdatera d\u00e5 livet ofta kommer emellan. Vecka 33 Vecka 37 [ . . . ]\" \/>\n<meta property=\"og:url\" content=\"https:\/\/jeanikee.se\/?page_id=184\" \/>\n<meta property=\"article:modified_time\" content=\"2020-09-17T04:54:45+00:00\" \/>\n<meta name=\"twitter:card\" content=\"summary_large_image\" \/>\n<script type=\"application\/ld+json\" class=\"yoast-schema-graph\">{\"@context\":\"https:\/\/schema.org\",\"@graph\":[{\"@type\":[\"Person\",\"Organization\"],\"@id\":\"https:\/\/jeanikee.se\/#\/schema\/person\/daff57183a1a5e8736fdce5d20908fd0\",\"name\":\"Jeanikee\",\"image\":{\"@type\":\"ImageObject\",\"@id\":\"https:\/\/jeanikee.se\/#personlogo\",\"inLanguage\":\"sv-SE\",\"url\":\"https:\/\/secure.gravatar.com\/avatar\/1ebcf2f95f62b8ced366a98d9a2e363c?s=96&d=mm&r=g\",\"caption\":\"Jeanikee\"},\"logo\":{\"@id\":\"https:\/\/jeanikee.se\/#personlogo\"},\"sameAs\":[\"https:\/\/jeanikee.se\"]},{\"@type\":\"WebSite\",\"@id\":\"https:\/\/jeanikee.se\/#website\",\"url\":\"https:\/\/jeanikee.se\/\",\"name\":\"JeanikeeS Viktiga\",\"description\":\"Livet \\u00e4r inte vad tror - Det \\u00e4r s\\u00e5 mycket mer\",\"publisher\":{\"@id\":\"https:\/\/jeanikee.se\/#\/schema\/person\/daff57183a1a5e8736fdce5d20908fd0\"},\"potentialAction\":[{\"@type\":\"SearchAction\",\"target\":\"https:\/\/jeanikee.se\/?s={search_term_string}\",\"query-input\":\"required name=search_term_string\"}],\"inLanguage\":\"sv-SE\"},{\"@type\":\"WebPage\",\"@id\":\"https:\/\/jeanikee.se\/?page_id=184#webpage\",\"url\":\"https:\/\/jeanikee.se\/?page_id=184\",\"name\":\"Veckomenyer -\",\"isPartOf\":{\"@id\":\"https:\/\/jeanikee.se\/#website\"},\"datePublished\":\"2020-08-06T09:29:53+00:00\",\"dateModified\":\"2020-09-17T04:54:45+00:00\",\"breadcrumb\":{\"@id\":\"https:\/\/jeanikee.se\/?page_id=184#breadcrumb\"},\"inLanguage\":\"sv-SE\",\"potentialAction\":[{\"@type\":\"ReadAction\",\"target\":[\"https:\/\/jeanikee.se\/?page_id=184\"]}]},{\"@type\":\"BreadcrumbList\",\"@id\":\"https:\/\/jeanikee.se\/?page_id=184#breadcrumb\",\"itemListElement\":[{\"@type\":\"ListItem\",\"position\":1,\"item\":{\"@type\":\"WebPage\",\"@id\":\"https:\/\/jeanikee.se\/\",\"url\":\"https:\/\/jeanikee.se\/\",\"name\":\"Hem\"}},{\"@type\":\"ListItem\",\"position\":2,\"item\":{\"@type\":\"WebPage\",\"@id\":\"https:\/\/jeanikee.se\/?page_id=184\",\"url\":\"https:\/\/jeanikee.se\/?page_id=184\",\"name\":\"Veckomenyer\"}}]}]}<\/script>\n<!-- \/ Yoast SEO plugin. -->","_links":{"self":[{"href":"https:\/\/jeanikee.se\/index.php?rest_route=\/wp\/v2\/pages\/184"}],"collection":[{"href":"https:\/\/jeanikee.se\/index.php?rest_route=\/wp\/v2\/pages"}],"about":[{"href":"https:\/\/jeanikee.se\/index.php?rest_route=\/wp\/v2\/types\/page"}],"author":[{"embeddable":true,"href":"https:\/\/jeanikee.se\/index.php?rest_route=\/wp\/v2\/users\/1"}],"replies":[{"embeddable":true,"href":"https:\/\/jeanikee.se\/index.php?rest_route=%2Fwp%2Fv2%2Fcomments&post=184"}],"version-history":[{"count":4,"href":"https:\/\/jeanikee.se\/index.php?rest_route=\/wp\/v2\/pages\/184\/revisions"}],"predecessor-version":[{"id":274,"href":"https:\/\/jeanikee.se\/index.php?rest_route=\/wp\/v2\/pages\/184\/revisions\/274"}],"wp:attachment":[{"href":"https:\/\/jeanikee.se\/index.php?rest_route=%2Fwp%2Fv2%2Fmedia&parent=184"}],"curies":[{"name":"wp","href":"https:\/\/api.w.org\/{rel}","templated":true}]}}